45 a multiple of 95?
True
Does 78 divide 113192?
False
Is 16 a factor of 2768748?
False
Does 111 divide 4261068?
True
Does 15 divide 888720?
True
Is 3022705 a multiple of 241?
False
Does 8 divide 5372771?
False
Is 118926 a multiple of 18?
True
Is 165 a factor of 53394?
False
Is 73 a factor of 9804703?
True
Is 73428 a multiple of 132?
False
Does 41 divide 273839?
True
Is 625947 a multiple of 727?
True
Does 79 divide 45662?
True
Is 38847 a multiple of 22?
False
Does 962 divide 5394896?
True
Is 4 a factor of 182424?
True
Is 105 a factor of 48090?
True
Is 11743158 a multiple of 102?
True
Does 185 divide 1453683?
False
Is 69412 a multiple of 28?
True
Is 814 a factor of 1025248?
False
Is 5942529 a multiple of 587?
False
Is 2905947 a multiple of 98?
False
Is 1798410 a multiple of 10?
True
Is 15 a factor of 282719?
False
Is 11 a factor of 194362?
False
Does 658 divide 954548?
False
Is 462 a factor of 575652?
True
Is 8 a factor of 10083612?
False
Is 217 a factor of 3838547?
False
Is 218830 a multiple of 10?
True
Does 69 divide 146004?
True
Is 126 a factor of 1105398?
True
Is 29932032 a multiple of 236?
False
Does 105 divide 103212?
False
Is 88937 a multiple of 8?
False
Is 3013429 a multiple of 5?
False
Does 34 divide 515013?
False
Is 209690 a multiple of 130?
True
Is 45617 a multiple of 13?
True
Does 378 divide 596780?
False
Is 16 a factor of 12745?
False
Is 115 a factor of 2508035?
True
Does 21 divide 347559?
False
Is 3 a factor of 51143?
False
Does 14 divide 1535086?
True
Does 21 divide 178855?
False
Is 148 a factor of 3467196?
True
Does 231 divide 602816?
False
Is 333 a factor of 7309137?
False
Does 15 divide 20011665?
True
Is 20663508 a multiple of 950?
False
Is 244372 a multiple of 53?
False
Is 2638189 a multiple of 21?
False
Is 536570 a multiple of 15?
False
Is 40 a factor of 1758790?
False
Is 1105493 a multiple of 70?
False
Does 17 divide 252059?
True
Does 328 divide 1720779?
False
Is 11471096 a multiple of 14?
True
Is 135 a factor of 117759?
False
Is 47747 a multiple of 29?
False
Is 438180 a multiple of 7?
False
Is 144291 a multiple of 3?
True
Does 231 divide 170709?
True
Does 292 divide 138685?
False
Is 171696 a multiple of 56?
True
Is 9 a factor of 813130?
False
Is 9264 a multiple of 22?
False
Is 512302 a multiple of 14?
True
Is 404 a factor of 735025?
False
Does 32 divide 221632?
True
Does 34 divide 109910?
False
Does 43 divide 308396?
True
Is 2405404 a multiple of 694?
True
Is 383 a factor of 10231079?
True
Does 4 divide 1166880?
True
Does 148 divide 216820?
True
Does 38 divide 1323336?
False
Does 16 divide 595127?
False
Does 314 divide 1423789?
False
Does 324 divide 31154?
False
Is 9 a factor of 135139?
False
Is 1091550 a multiple of 50?
True
Does 328 divide 403294?
False
Does 29 divide 460056?
True
Is 363597 a multiple of 43?
False
Does 47 divide 1197372?
True
Is 63 a factor of 26187?
False
Is 3948864 a multiple of 461?
False
Is 77863 a multiple of 2?
False
Does 23 divide 51229?
False
Does 5 divide 201142?
False
Is 1855024 a multiple of 538?
True
Is 138 a factor of 1751220?
True
Is 3574847 a multiple of 373?
False
Is 871836 a multiple of 749?
True
Is 59817 a multiple of 4?
False
Is 1709617 a multiple of 51?
False
Is 75 a factor of 137325?
True
Does 14 divide 4659998?
True
Does 3 divide 4304879?
False
Is 1100476 a multiple of 52?
True
Is 2 a factor of 44555?
False
Is 2422654 a multiple of 35?
False
Is 13 a factor of 358254?
True
Does 23 divide 3309148?
True
Is 8 a factor of 160?
True
Does 294 divide 7980042?
True
Is 14 a factor of 3258129?
False
Is 1448997 a multiple of 599?
False
Does 38 divide 470861?
False
Is 25446690 a multiple of 90?
True
Is 4777947 a multiple of 312?
False
Does 32 divide 1603264?
True
Is 95 a factor of 143304?
False
Does 20 divide 134858?
False
Does 12 divide 860784?
True
Is 3115332 a multiple of 33?
True
Is 32 a factor of 636182?
False
Is 473114 a multiple of 24?
False
Does 4 divide 3129827?
False
Does 12 divide 387851?
False
Is 23666 a multiple of 38?
False
Is 336836 a multiple of 147?
False
Is 13 a factor of 204464?
True
Is 326799 a multiple of 14?
False
Is 22279606 a multiple of 19?
False
Does 101 divide 59388?
True
Does 3 divide 51621?
True
Does 89 divide 2613851?
False
Does 505 divide 3985965?
True
Does 309 divide 1904676?
True
Is 883 a factor of 14303933?
False
Is 739620 a multiple of 7?
True
Does 228 divide 1084596?
True
Does 7 divide 2096264?
False
Does 705 divide 3008940?
True
Is 292795 a multiple of 31?
True
Does 26 divide 669493?
False
Does 4 divide 1174217?
False
Is 4 a factor of 4428?
True
Is 12 a factor of 216048?
True
Does 408 divide 176151?
False
Is 1998491 a multiple of 11?
True
Is 41940 a multiple of 30?
True
Is 98 a factor of 5292882?
True
Is 1560147 a multiple of 813?
True
Is 17 a factor of 1000926?
True
Is 30441 a multiple of 6?
False
Is 379180 a multiple of 359?
False
Is 1725444 a multiple of 246?
True
Is 1019114 a multiple of 38?
False
Is 4068 a multiple of 136?
False
Is 246580 a multiple of 20?
True
Is 284 a factor of 93423?
False
Is 80936 a multiple of 151?
True
Is 4 a factor of 207208?
True
Is 295 a factor of 495895?
True
Is 9581799 a multiple of 547?
True
Is 66144 a multiple of 104?
True
Is 74142 a multiple of 54?
True
Does 130 divide 343241?
False
Is 146926 a multiple of 26?
True
Is 6 a factor of 66150?
True
Does 23 divide 32913?
True
Does 152 divide 198208?
True
Is 276 a factor of 228774?
False
Is 311 a factor of 544590?
False
Does 47 divide 12606?
False
Is 51 a factor of 1160050?
False
Is 575370 a multiple of 90?
True
Is 10523711 a multiple of 33?
False
Is 12 a factor of 459144?
True
Is 299 a factor of 838695?
True
Is 457452 a multiple of 262?
True
Is 44 a factor of 1559712?
True
Does 630 divide 1148527?
False
Does 22 divide 21208?
True
Is 341712 a multiple of 336?
True
Is 8165746 a multiple of 9?
False
Does 114 divide 2747405?
False
Is 10 a factor of 1856250?
True
Is 53 a factor of 129702?
False
Does 20 divide 7934982?
False
Is 23142 a multiple of 19?
True
Is 243 a factor of 12150?
True
Is 14 a factor of 69827?
False
Is 11608507 a multiple of 631?
True
Does 8 divide 91532?
False
Is 7 a factor of 1942174?
False
Is 13 a factor of 4630261?
False
Is 27148264 a multiple of 2633?
False
Is 421301 a multiple of 56?
False
Is 1047970 a multiple of 110?
True
Does 10 divide 882620?
True
Does 36 divide 2112345?
False
Is 9 a factor of 924910?
False
Is 402431 a multiple of 23?
True
Does 92 divide 1199312?
True
Does 620 divide 755160?
True
Is 21563304 a multiple of 37?
True
Is 296 a factor of 621896?
True
Is 317 a factor of 24193440?
True
Is 3 a factor of 641619?
True
Is 295 a factor of 453598?
False
Is 77 a factor of 251636?
True
Is 137943 a multiple of 131?
True
Does 194 divide 1791490?
False
Does 168 divide 65184?
True
Does 91 divide 841572?
False
Does 12 divide 907327?
False
Is 399 a factor of 402990?
True
Is 80 a factor of 640320?
True
Is 21 a factor of 47918?
False
Does 14 divide 59092?
False
Is 80625 a multiple of 15?
True
Is 59 a factor of 7297828?
True
Is 793330 a multiple of 5?
True
Is 146 a factor of 511584?
True
Is 4 a factor of 5999?
False
Is 15 a factor of 138225?
True
Is 19 a factor of 1324414?
True
Is 53 a factor of 11428169?
False
Is 98205 a multiple of 23?
False
Is 1888 a factor of 3345536?
True
Is 1786988 a multiple of 417?
False
Is 443356 a multiple of 409?
True
Is 36 a factor of 24216?
False
Does 370 divide 303400?
True
Is 146 a factor of 175930?
True
Does 1201 divide 2052509?
True
Does 152 divide 2502201?
False
Is 2227 a factor of 2089893?
False
Is 27 a factor of 11771298?
True
Is 30747 a multiple of 39?
False
Does 25 divide 563281?
False
Is 177525 a multiple of 139?
False
Does 37 divide 584822?
True
Does 490 divide 802724?
False
Is 5434246 a multiple of 12?
False
Is 5891958 a multiple of 9?
True
Does 36 divide 1329588?
True
Is 4621968 a multiple of 9?
True
Does 370 divide 1010470?
True
Is 1722 a factor of 2120373?
False
Is 138 a factor of 399924?
True
Is 124960 a multiple of 11?
True
Is 6 a factor of 222840?
True
Is 2228225 a multiple of 475?
True
Does 42 divide 572658?
False
Does 22 divide 301698?
False
Is 64 a factor of 905080?
False
Is 48 a factor of 18973428?
False
Is 119 a factor of 166118?
False
Is 53 a factor of 11660371?
True
Does 38 divide 152494?
True
Does 66 divi